) to base 8.
-4267
What is -3581 (base 12) in base 16?
-1771
-59f (base 16) to base 13
-869
What is 3253 (base 7) in base 12?
811
Convert 1253202 (base 6) to base 10.
69410
-221015 (base 6) to base 8
-43703
What is 4635 (base 10) in base 9?
6320
-668 (base 11) to base 14
-412
-355 (base 9) to base 11
-247
205 (base 8) to base 2
10000101
What is 53636 (base 9) in base 5?
2114021
10102000122 (base 3) to base 10
67085
What is 3303323 (base 4) in base 12?
904b
What is 1100001001111 (base 2) in base 4?
1201033
Convert 222101210 (base 3) to base 8.
45455
-393 (base 12) to base 16
-21f
What is -232311 (base 4) in base 10?
-2997
What is 1cd02 (base 14) in base 3?
10202100211
110001011101111 (base 2) to base 6
313131
Convert -1362 (base 12) to base 13.
-102b
What is -156002 (base 7) in base 16?
-7898
253555 (base 7) to base 14
13165
-131 (base 4) to base 3
-1002
Convert 6c (base 14) to base 7.
165
What is -aa0 (base 16) in base 2?
-101010100000
Convert -1341 (base 5) to base 15.
-eb
Convert -1547 (base 8) to base 16.
-367
What is -10022 (base 11) in base 10?
-14665
Convert -151 (base 6) to base 9.
-74
1a27 (base 12) to base 5
100244
-121212 (base 3) to base 13
-290
What is 110110110 (base 2) in base 13?
279
-17b3 (base 12) to base 4
-230313
What is 5734 (base 9) in base 3?
12211011
-11110010110 (base 2) to base 8
-3626
Convert 134045 (base 6) to base 8.
30415
What is -5426 (base 7) in base 11?
-14a6
Convert 3111013 (base 4) to base 11.
a27a
What is 21315 (base 9) in base 5?
422413
Convert 31 (base 16) to base 7.
100
Convert -1102012 (base 3) to base 5.
-13111
Convert -21322322 (base 4) to base 13.
-15659
Convert -103330 (base 4) to base 7.
-3502
440 (base 13) to base 6
3212
-455 (base 12) to base 4
-22001
What is -32045 (base 7) in base 4?
-1323302
13011323 (base 4) to base 10
29051
6b3b (base 13) to base 7
61666
Convert 24104 (base 5) to base 2.
11011110011
What is 10346 (base 9) in base 14?
26d0
Convert -22c (base 14) to base 12.
-300
105210 (base 7) to base 12
a943
Convert -6787 (base 9) to base 14.
-1b88
What is 32221313 (base 4) in base 14?
17c35
What is 203 (base 9) in base 2?
10100101
What is 16 (base 11) in base 2?
10001
What is -1bc (base 15) in base 5?
-3102
17a8 (base 12) to base 16
b30
2128 (base 9) to base 15
6e5
40c (base 16) to base 13
619
-12202311 (base 4) to base 5
-1324210
What is -200000 (base 3) in base 14?
-26a
35042 (base 6) to base 15
172e
What is 7617 (base 8) in base 2?
111110001111
Convert -3253 (base 11) to base 7.
-15342
Convert 7c81 (base 16) to base 13.
1167a
6366 (base 7) to base 6
14233
110001010001001 (base 2) to base 6
312441
101010001100 (base 2) to base 8
5214
Convert -57601 (base 8) to base 14.
-8ca5
What is -8498 (base 16) in base 13?
-125b1
12751 (base 9) to base 11
6538
-1201103 (base 4) to base 8
-14123
What is -bb2 (base 12) in base 15?
-798
da04 (base 14) to base 13
14191
Convert a6b (base 15) to base 16.
92f
Convert -1130 (base 8) to base 15.
-2a0
Convert -21641 (base 7) to base 16.
-155c
What is -14422 (base 6) in base 10?
-2318
Convert -15687 (base 13) to base 9.
-61710
Convert 324 (base 11) to base 2.
110000101
-122351 (base 8) to base 13
-162a6
153000 (base 6) to base 13
6a26
What is 667 (base 11) in base 3?
1002121
-35c3 (base 16) to base 5
-420023
-b17 (base 12) to base 10
-1603
Convert 30723 (base 8) to base 13.
5a62
What is 5a4 (base 14) in base 12?
798
What is -649 (base 13) in base 2?
-10000110011
1023320 (base 4) to base 2
1001011111000
8b2 (base 16) to base 6
14150
-520 (base 7) to base 8
-403
Convert 2b3 (base 14) to base 6.
2313
-8065 (base 11) to base 16
-29df
What is 560 (base 10) in base 2?
1000110000
Convert -5534 (base 6) to base 2.
-10100000010
Convert 19b0 (base 13) to base 14.
159b
What is 110011011 (base 2) in base 11?
344
Convert -2504 (base 16) to base 4.
-2110010
What is -264 (base 14) in base 8?
-740
Convert 6371 (base 8) to base 12.
1b09
537 (base 12) to base 5
11023
What is -20201 (base 7) in base 12?
-2a05
202344 (base 6) to base 13
7450
What is -445 (base 10) in base 8?
-675
-112112 (base 3) to base 8
-610
102301 (base 4) to base 8
2261
What is 140 (base 5) in base 4?
231
b318 (base 13) to base 3
1020212122
What is -101100100101100 (base 2) in base 15?
-6b6d
Convert -b3c (base 14) to base 6.
-14122
1072 (base 8) to base 4
20322
Convert 3233131 (base 4) to base 13.
6c8b
Convert -1101 (base 9) to base 2.
-1100101011
What is 79da (base 16) in base 14?
b522
43015 (base 7) to base 2
10100110010101
What is 1073 (base 13) in base 8?
4363
What is 110411 (base 5) in base 14?
1596
What is -64 (base 9) in base 15?
-3d
What is -1396 (base 11) in base 5?
-24144
14676 (base 8) to base 13
2ccc
Convert 270 (base 10) to base 6.
1130
What is -33133 (base 4) in base 15?
-461
Convert 271 (base 12) to base 5.
2443
Convert 124 (base 11) to base 10.
147
1010000111 (base 2) to base 16
287
What is 53114 (base 10) in base 15?
10b0e
-286b (base 12) to base 3
-20102202
What is -482 (base 14) in base 2?
-1110000010
101220331 (base 4) to base 15
1661d
-1110011100 (base 2) to base 13
-561
What is -11c5b (base 13) in base 6?
-412050
Convert 620b (base 12) to base 13.
4b17
Convert 312512 (base 6) to base 12.
12738
What is 111110010 (base 2) in base 13?
2c4
Convert 3641 (base 10) to base 15.
112b
-4130 (base 6) to base 11
-765
What is 199 (base 16) in base 6?
1521
Convert 340010 (base 5) to base 7.
46431
Convert -20213 (base 5) to base 3.
-1210110
What is 8036 (base 9) in base 7?
23046
2412 (base 8) to base 13
783
Convert 79 (base 11) to base 13.
68
-1423 (base 5) to base 15
-10d
25126 (base 9) to base 10
16872
Convert -40100 (base 5) to base 7.
-10235
Convert -15303 (base 7) to base 10.
-4266
What is -1110101100010000 (base 2) in base 12?
-2a9a8
-2726 (base 8) to base 4
-113112
Convert 3944 (base 12) to base 2.
1100110000100
What is -bbb7 (base 12) in base 4?
-11003323
What is -1b7c (base 14) in base 12?
-2a96
Convert -111141 (base 8) to base 5.
-2144343
Convert -3980 (base 14) to base 10.
-10108
What is 1193 (base 10) in base 14?
613
ccbd (base 14) to base 16
8a77
Convert -11010 (base 3) to base 13.
-87
What is -3647 (base 10) in base 12?
-213b
3452 (base 10) to base 16
d7c
44015 (base 6) to base 5
143214
What is 33516 (base 7) in base 10?
8490
What is -1145 (base 8) in base 14?
-31b
Convert 2313 (base 5) to base 16.
14d
What is 370 (base 14) in base 2?
1010101110
What is 45b5 (base 12) in base 7?
31436
-573 (base 8) to base 10
-379
-3b2 (base 13) to base 15
-2d7
What is 9e (base 15) in base 12?
105
-305 (base 15) to base 8
-1250
Convert -11002020 (base 3) to base 12.
-1880
What is 108 (base 10) in base 2?
1101100
Convert 11000001 (base 3) to base 9.
4001
-63579 (base 10) to base 8
-174133
What is -201110 (base 3) in base 9?
-643
405545 (base 6) to base 5
2014033
What is -222201 (base 3) in base 6?
-3201
-122011100 (base 3) to base 16
-30de
Convert 5575 (base 9) to base 15.
1348
Convert 2222102 (base 3) to base 5.
32141
Convert 22222000 (base 4) to base 9.
65777
Convert -91e (base 16) to base 7.
-6543
Convert 40551 (base 7) to base 14.
3861
Convert -1002111 (base 3) to base 11.
-664
What is -1230110 (base 4) in base 6?
-52032
11022 (base 4) to base 12
236
-100010010000011 (base 2) to base 6
-213111
What is 1110111010111 (base 2) in base 15?
23e4
Convert -21223 (base 4) to base 12.
-437
What is 100301 (base 4) in base 11?
896
121456 (base 8) to base 14
1131c
47e (base 16) to base 2
10001111110
2304 (base 6) to base 15
264
cbab (base 13) to base 10
28364
What is -3c30 (base 13) in base 7?
-34146
-296 (base 15) to base 12
-413
708 (base 11) to base 9
1150
-20402 (base 5) to base 12
-948
What is -6303 (base 7) in base 11?
-1728
21366 (base 8) to base 6
105234
Convert -b9ca (base 13) to base 3.
-1022110120
What is -232 (base 14) in base 6?
-2004
What is 35430 (base 7) in base 4?
2032233
1093 (base 11) to base 4
112121
Convert 4b35 (base 12) to base 4.
2011121
What is -3135 (base 8) in base 15?
-739
-1970 (base 13) to base 11
-2953
What is 1344 (base 8) in base 9?
1012
-40404 (base 6) to base 10
-5332
-51555 (base 7) to base 13
-599a
372 (base 8) to base 5
2000
-1631 (base 9) to base 5
-14433
Convert -36c1 (base 16) to base 7.
-55603
Convert -11111100 (base 2) to base 14.
-140
Convert 112432 (base 8) to base 4